{"id":97,"date":"2009-12-19T20:34:21","date_gmt":"2009-12-19T18:34:21","guid":{"rendered":"http:\/\/www.crionna.fi\/?page_id=97"},"modified":"2022-10-30T23:00:29","modified_gmt":"2022-10-30T21:00:29","slug":"pentueet","status":"publish","type":"page","link":"https:\/\/www.crionna.fi\/kennel\/?page_id=97","title":{"rendered":"Pentueet \/ Litters"},"content":{"rendered":"<div id=\"attachment_1312\" style=\"width: 240px\" class=\"wp-caption alignleft\"><a href=\"http:\/\/www.crionna.fi\/wp-content\/uploads\/2015\/01\/Katarinas-iPhone-kes\u00e4kuu-2014-tammikuu-2015-065.jpg\"><img aria-describedby=\"caption-attachment-1312\" loading=\"lazy\" class=\" wp-image-1312   \" src=\"http:\/\/www.crionna.fi\/wp-content\/uploads\/2015\/01\/Katarinas-iPhone-kes\u00e4kuu-2014-tammikuu-2015-065.jpg\" alt=\"Crionna C-pentue 26.8.2014\" width=\"230\" height=\"307\" srcset=\"https:\/\/www.crionna.fi\/kennel\/wp-content\/uploads\/2015\/01\/Katarinas-iPhone-kes\u00e4kuu-2014-tammikuu-2015-065.jpg 450w, https:\/\/www.crionna.fi\/kennel\/wp-content\/uploads\/2015\/01\/Katarinas-iPhone-kes\u00e4kuu-2014-tammikuu-2015-065-225x300.jpg 225w\" sizes=\"(max-width: 230px) 100vw, 230px\" \/><\/a><p id=\"caption-attachment-1312\" class=\"wp-caption-text\">Crionna C-pentue 26.8.2014<\/p><\/div>\n<div id=\"attachment_1311\" style=\"width: 298px\" class=\"wp-caption alignright\"><a href=\"http:\/\/www.crionna.fi\/wp-content\/uploads\/2015\/01\/Katarinas-iPhone-kes\u00e4kuu-2014-tammikuu-2015-225.jpg\"><img aria-describedby=\"caption-attachment-1311\" loading=\"lazy\" class=\"wp-image-1311 \" src=\"http:\/\/www.crionna.fi\/wp-content\/uploads\/2015\/01\/Katarinas-iPhone-kes\u00e4kuu-2014-tammikuu-2015-225.jpg\" alt=\"Crionna C-pentue 1.9.2014: Yl\u00e4reunassa Cindy, sitten Uffe, Stella, Caro ja Conny\" width=\"288\" height=\"384\" srcset=\"https:\/\/www.crionna.fi\/kennel\/wp-content\/uploads\/2015\/01\/Katarinas-iPhone-kes\u00e4kuu-2014-tammikuu-2015-225.jpg 450w, https:\/\/www.crionna.fi\/kennel\/wp-content\/uploads\/2015\/01\/Katarinas-iPhone-kes\u00e4kuu-2014-tammikuu-2015-225-225x300.jpg 225w\" sizes=\"(max-width: 288px) 100vw, 288px\" \/><\/a><p id=\"caption-attachment-1311\" class=\"wp-caption-text\">Crionna C-litter 1.9.2014: Cindy, Uffe, Stella, Caro, Conny<\/p><\/div>\n<p><strong style=\"line-height: 1.5em;\">Cr\u00edonna C-pentue\/ C-kullen \/C-litter:<\/strong><\/p>\n<p><strong>C &#8211; pentue syntyi\u00a025.8.2014, 4 urosta ja 2 narttua. <span style=\"color: #ff0000;\"><br \/>\n<\/span><\/strong><\/p>\n<p><span style=\"color: #0000ff; line-height: 1.5em;\">Vanhemmat\/ parents:<\/span><\/p>\n<p><span style=\"text-decoration: underline; color: #0000ff;\">Is\u00e4\/ Sire: \u00a0<em><strong>FI MVA Geijes Dynamite Jack<\/strong><\/em> &#8221;Oskari&#8221;<\/span><\/p>\n<div id=\"attachment_1118\" style=\"width: 380px\" class=\"wp-caption alignright\"><a href=\"http:\/\/www.crionna.fi\/wp-content\/uploads\/2014\/07\/Oskari-pieni-kuvaIMG_0941-e1406752820391.jpg\"><img aria-describedby=\"caption-attachment-1118\" loading=\"lazy\" class=\"size-full wp-image-1118 \" title=\"Oskari- is\u00e4\" src=\"http:\/\/www.crionna.fi\/wp-content\/uploads\/2014\/07\/Oskari-pieni-kuvaIMG_0941-e1406752820391.jpg\" alt=\"Geijes Dynamite Jack &quot;Oskari&quot; \" width=\"370\" height=\"310\" srcset=\"https:\/\/www.crionna.fi\/kennel\/wp-content\/uploads\/2014\/07\/Oskari-pieni-kuvaIMG_0941-e1406752820391.jpg 370w, https:\/\/www.crionna.fi\/kennel\/wp-content\/uploads\/2014\/07\/Oskari-pieni-kuvaIMG_0941-e1406752820391-300x251.jpg 300w\" sizes=\"(max-width: 370px) 100vw, 370px\" \/><\/a><p id=\"caption-attachment-1118\" class=\"wp-caption-text\">Geijes Dynamite Jack &#8221;Oskari&#8221;<\/p><\/div>\n<p>Oskari on l\u00e4hes 6-vuotias (s.24.8.2008), terve (kyyn\u00e4rnivelet 0\/0, lonkat A\/A) ja hyv\u00e4luonteinen, tasapainoinen sek\u00e4 rauhallinen, \u00a0iso uros. Pentueita sill\u00e4 on ennest\u00e4\u00e4n vain 1\/ 7 \u00a0pentua (4urosta, 3 narttua s. 28.1.2012), jotka ovat my\u00f6s hyv\u00e4luonteisia, terveit\u00e4 kerryj\u00e4.<\/p>\n<p><span style=\"color: #800080;\">Oskarin tiedot\u00a0Kennelliiton jalostustietokannassa l\u00f6ytyv\u00e4t seuraavasta linkist\u00e4:<\/span><\/p>\n<p><span style=\"color: #800080;\">http:\/\/jalostus.kennelliitto.fi\/frmKoira.aspx?RekNo=FIN49741\/08&amp;R=3<\/span><\/p>\n<p><a href=\"http:\/\/www.crionna.fi\/wp-content\/uploads\/2011\/01\/Kes\u00e4-2014-Dite-37-pv\u00e4-tiinen\u00e4-30.7.2014-312.jpg\"><img loading=\"lazy\" class=\"wp-image-1171 \" title=\"Dite-em\u00e4\" src=\"http:\/\/www.crionna.fi\/wp-content\/uploads\/2011\/01\/Kes\u00e4-2014-Dite-37-pv\u00e4-tiinen\u00e4-30.7.2014-312.jpg\" alt=\"Kes\u00e4 2014 Dite 37 pv\u00e4 tiinen\u00e4 30.7.2014 312\" width=\"384\" height=\"256\" srcset=\"https:\/\/www.crionna.fi\/kennel\/wp-content\/uploads\/2011\/01\/Kes\u00e4-2014-Dite-37-pv\u00e4-tiinen\u00e4-30.7.2014-312.jpg 600w, https:\/\/www.crionna.fi\/kennel\/wp-content\/uploads\/2011\/01\/Kes\u00e4-2014-Dite-37-pv\u00e4-tiinen\u00e4-30.7.2014-312-300x200.jpg 300w\" sizes=\"(max-width: 384px) 100vw, 384px\" \/><\/a><\/p>\n<p><a href=\"http:\/\/www.crionna.fi\/wp-content\/uploads\/2011\/01\/Kes\u00e4-2014-Dite-37-pv\u00e4-tiinen\u00e4-30.7.2014-312.jpg\">\u00a0<\/a><a href=\"http:\/\/www.crionna.fi\/wp-content\/uploads\/2011\/01\/Kes\u00e4-2014-Dite-37-pv\u00e4-tiinen\u00e4-30.7.2014-312.jpg\">Em\u00e4\/Dam:\u00a0<\/a><a href=\"http:\/\/www.crionna.fi\/wp-content\/uploads\/2011\/01\/Kes\u00e4-2014-Dite-37-pv\u00e4-tiinen\u00e4-30.7.2014-312.jpg\"><strong><em>\u00a0Crionna Afrodite\u00a0<\/em><\/strong><\/a><a href=\"http:\/\/www.crionna.fi\/wp-content\/uploads\/2011\/01\/Kes\u00e4-2014-Dite-37-pv\u00e4-tiinen\u00e4-30.7.2014-312.jpg\">&#8221;Dite&#8221;<\/a><\/p>\n<p><a style=\"line-height: 1.5em;\" href=\"http:\/\/www.crionna.fi\/wp-content\/uploads\/2014\/08\/Kes\u00e4-2014-Dite-pallon-kanssa-37.-pv\u00e4-tiinen\u00e4-30.7.2014-308-e1407709854379.jpg\"><img loading=\"lazy\" class=\" wp-image-1182  alignnone\" title=\"Dite 30.7.2014\" src=\"http:\/\/www.crionna.fi\/wp-content\/uploads\/2014\/08\/Kes\u00e4-2014-Dite-pallon-kanssa-37.-pv\u00e4-tiinen\u00e4-30.7.2014-308-e1407709854379.jpg\" alt=\"Dite 30.7.2014\" width=\"365\" height=\"197\" srcset=\"https:\/\/www.crionna.fi\/kennel\/wp-content\/uploads\/2014\/08\/Kes\u00e4-2014-Dite-pallon-kanssa-37.-pv\u00e4-tiinen\u00e4-30.7.2014-308-e1407709854379.jpg 450w, https:\/\/www.crionna.fi\/kennel\/wp-content\/uploads\/2014\/08\/Kes\u00e4-2014-Dite-pallon-kanssa-37.-pv\u00e4-tiinen\u00e4-30.7.2014-308-e1407709854379-300x162.jpg 300w\" sizes=\"(max-width: 365px) 100vw, 365px\" \/><\/a><\/p>\n<p>Dite on 4,5 vuotias (s. 1.1.2010), terve (kyyn\u00e4rp\u00e4\u00e4t 0\/0, lonkat A\/B) eik\u00e4 sill\u00e4 tutkitusti ole perinn\u00f6llisi\u00e4 silm\u00e4sairauksia (tutkimukset v. 2011 sek\u00e4 2014). Se on oman kennelimme kasvattina my\u00f6s DNA-tutkittu sek\u00e4 MH-luonnetestattu (27.4.2014) ja on hyv\u00e4luonteinen, tasapainoinen, avoin ja my\u00f6s luonnetestin mukaan k\u00e4yt\u00f6kselt\u00e4\u00e4n rodunomainen, helposti innostuva pienehk\u00f6 kerry.<\/p>\n<p><span style=\"color: #800080;\">Diten tiedot Suomen kennelliiton jalostustietokannassa\u00a0l\u00f6ytyv\u00e4t oheisesta linkist\u00e4:<\/span><\/p>\n<p><span style=\"color: #800080;\">http:\/\/jalostus.kennelliitto.fi\/frmKoira.aspx?RekNo=FI13632%2F10&amp;R=3<\/span><\/p>\n<p><span style=\"line-height: 1.5em; color: #000080;\">Edelt\u00e4v\u00e4t pentueet- tidigare valpkullar- last litters:<\/span><\/p>\n<p><strong style=\"line-height: 1.5em;\"><strong>Cr\u00edonna B-\u00a0pentue \/ B-kullen \/ B-litter \/ B-chiots\u00a0<\/strong><\/strong><span style=\"line-height: 1.5em;\">(27.2.2011)<\/span><\/p>\n<p><strong>Cr\u00edonna B-pentue <\/strong>syntyi\u00a027.2.2011\u00a0,3(4) urosta ja 3 narttua<strong>.<\/strong><strong style=\"font-size: inherit;\">Cr\u00edonna B-kullen<\/strong><span style=\"font-size: inherit;\"> f\u00f6ddes 27.2.2011,3 (4) hanar och 3 tikar<\/span><strong style=\"font-size: inherit;\">.<\/strong><strong style=\"font-size: inherit;\">Cr\u00edonna B-litter <\/strong><span style=\"font-size: inherit;\">was born\u00a0the 27 th of\u00a0february, 3(4)males and 3 bitches.<\/span><\/p>\n<p style=\"padding-left: 40px;\"><span style=\"color: #0000ff;\">Vanhemmat\/\u00a0parents<strong>:<br \/>\n<\/strong><\/span><span style=\"line-height: 1.5em;\">Is\u00e4\/sire:\u00a0\u00a0<\/span><em style=\"line-height: 1.5em;\"><strong>S &amp; Fin Ch, Nord Ch WW-08\u00a0<\/strong><\/em><em style=\"font-size: inherit;\"><strong>Kerrydom Court Hero At Rollick\u2019s \u00b4<\/strong><\/em><span style=\"font-size: inherit;\">&#8221;Hero&#8221;<\/span><img loading=\"lazy\" title=\"S &amp; Fin Ch, Nord Ch WW-08 Kerrydom Court Hero At Rollick\u00b4s &quot;Hero&quot;\" src=\"http:\/\/www.crionna.fi\/wp-content\/uploads\/2009\/12\/Hero-1_l1.jpg\" alt=\"\" width=\"200\" height=\"160\" \/><strong>Hero<\/strong> oli sosiaalinen ja\u00a0hyv\u00e4luonteinen, keskikokoinen tuontikerryuros Rollick\u00b4\u2019sin kennelist\u00e4, Ruotsista.\u00a0Hero on hieno rotunsa edustaja, tasapainoinen ja rauhallinen ja lis\u00e4ksi maailmanvoittaja vuodelta 2008.<\/p>\n<p>Em\u00e4\/ Dam:\u00a0<strong><em>FIN MVA Leannan Love Me Tonight<\/em><\/strong>\u00a0&#8221;Dori&#8221;<\/p>\n<p><strong style=\"line-height: 1.5em;\">Cr\u00edonna A-pentue \/ A-kullen \/ A-litter \/ A-chiots\u00a0<\/strong>(1.1.2010)<\/p>\n<p><span style=\"color: #0000ff; line-height: 1.5em; text-align: center;\">Vanhemmat\/ parents:<\/span><\/p>\n<p>Is\u00e4\/ Sire: <em><strong>FIN MVA EST MVA V-07 ESTV-06 Gaeltacht Mac Dara<\/strong><\/em> &#8221;Onni&#8221;<\/p>\n<p><img loading=\"lazy\" title=\"Fin CH Gaeltacht Mac Dara &quot;ONNI&quot; 5.10.2005\" src=\"http:\/\/gaeltacht.1g.fi\/kuvat\/Gaeltacht%20Mac%20Dara\/onni.JPG?img=thumb280nocrop&amp;hash=7deac)\" alt=\"\" width=\"234\" height=\"186\" \/><\/p>\n<p><span style=\"color: #800080;\">Onnin tiedot Suomen Kennelliiton jalostustietoj\u00e4rjestelm\u00e4ss\u00e4 l\u00f6ytyv\u00e4t oheisesta linkist\u00e4:<\/span><\/p>\n<p><span style=\"color: #800080;\">http:\/\/jalostus.kennelliitto.fi\/frmKoira.aspx?RekNo=FIN15934%2F04&amp;R=3<\/span><\/p>\n<p>Em\u00e4\/Dam: <em><strong>FIN MVA Leannan Love Me Tonight<\/strong><\/em> &#8221;Dori&#8221;<\/p>\n<p><span style=\"line-height: 1.5em;\">\u00a0<\/span><\/p>\n<p><span style=\"line-height: 1.5em;\"><span style=\"color: #800080;\">Dorin tiedot Suomen Kennelliiton jalostustietoj\u00e4rjestelm\u00e4ss\u00e4 l\u00f6ytyv\u00e4t oheisesta linkist\u00e4:\u00a0<\/span><\/span><\/p>\n<p><span style=\"color: #800080;\">http:\/\/jalostus.kennelliitto.fi\/frmKoira.aspx?RekNo=FIN53029\/05&amp;R=3<\/span><\/p>\n","protected":false},"excerpt":{"rendered":"<p>Cr\u00edonna C-pentue\/ C-kullen \/C-litter: C &#8211; pentue syntyi\u00a025.8.2014, 4 urosta ja 2 narttua. Vanhemmat\/ parents: Is\u00e4\/ Sire: \u00a0FI MVA Geijes Dynamite Jack &#8221;Oskari&#8221; Oskari on l\u00e4hes 6-vuotias (s.24.8.2008), terve (kyyn\u00e4rnivelet 0\/0, lonkat A\/A) ja hyv\u00e4luonteinen, tasapainoinen sek\u00e4 rauhallinen, \u00a0iso uros. Pentueita sill\u00e4 on ennest\u00e4\u00e4n vain 1\/ 7 \u00a0pentua (4urosta, 3 narttua s. 28.1.2012), jotka ovat [&hellip;]<\/p>\n","protected":false},"author":1,"featured_media":0,"parent":0,"menu_order":0,"comment_status":"open","ping_status":"closed","template":"","meta":[],"_links":{"self":[{"href":"https:\/\/www.crionna.fi\/kennel\/index.php?rest_route=\/wp\/v2\/pages\/97"}],"collection":[{"href":"https:\/\/www.crionna.fi\/kennel\/index.php?rest_route=\/wp\/v2\/pages"}],"about":[{"href":"https:\/\/www.crionna.fi\/kennel\/index.php?rest_route=\/wp\/v2\/types\/page"}],"author":[{"embeddable":true,"href":"https:\/\/www.crionna.fi\/kennel\/index.php?rest_route=\/wp\/v2\/users\/1"}],"replies":[{"embeddable":true,"href":"https:\/\/www.crionna.fi\/kennel\/index.php?rest_route=%2Fwp%2Fv2%2Fcomments&post=97"}],"version-history":[{"count":158,"href":"https:\/\/www.crionna.fi\/kennel\/index.php?rest_route=\/wp\/v2\/pages\/97\/revisions"}],"predecessor-version":[{"id":1726,"href":"https:\/\/www.crionna.fi\/kennel\/index.php?rest_route=\/wp\/v2\/pages\/97\/revisions\/1726"}],"wp:attachment":[{"href":"https:\/\/www.crionna.fi\/kennel\/index.php?rest_route=%2Fwp%2Fv2%2Fmedia&parent=97"}],"curies":[{"name":"wp","href":"https:\/\/api.w.org\/{rel}","templated":true}]}}