{"id":250,"date":"2011-01-27T15:01:08","date_gmt":"2011-01-27T13:01:08","guid":{"rendered":"http:\/\/www.crionna.fi\/?page_id=250"},"modified":"2026-03-08T15:52:52","modified_gmt":"2026-03-08T13:52:52","slug":"uutisia-news","status":"publish","type":"page","link":"https:\/\/www.crionna.fi\/kennel\/?page_id=250","title":{"rendered":"Uutisia \/ News"},"content":{"rendered":"<div>\n<p>Pentulaatikkomme on viel\u00e4 tyhj\u00e4n\u00e4, mutta <strong><strong><a href=\"http:\/\/www.crionna.fi\/wp-content\/uploads\/2014\/08\/Duke-Fyrry-ja-Dite-39-tiineyspv\u00e4-1.8.2014323-e1407692098255.jpg\">pentue suunnitteilla v.2026. Lis\u00e4tietoja suunnitelmista p.045-6513333 tai s\u00e4hk\u00f6postitse: katarina.marjola(at)gmail.com<\/a><\/strong><\/strong><\/p>\n<p><span style=\"font-size: inherit;\"><strong>Suunnitellun pentueen em\u00e4 on C.I.B. Divine Vom Ochtendunger Land eli \u2019Diva\u2019, <\/strong><\/span><span style=\"font-size: inherit;\">kennelimme viimeisin tulokas,joka on syntynyt 2.1.2023 Saksassa, Frank B\u00f6hnken kotikenneliss\u00e4.<\/span><\/p>\n<div id=\"attachment_1732\" style=\"width: 310px\" class=\"wp-caption alignnone\"><img aria-describedby=\"caption-attachment-1732\" loading=\"lazy\" class=\"size-medium wp-image-1732\" src=\"https:\/\/www.crionna.fi\/kennel\/wp-content\/uploads\/2026\/01\/IMG_4046-300x225.jpeg\" alt=\"\" width=\"300\" height=\"225\" srcset=\"https:\/\/www.crionna.fi\/kennel\/wp-content\/uploads\/2026\/01\/IMG_4046-300x225.jpeg 300w, https:\/\/www.crionna.fi\/kennel\/wp-content\/uploads\/2026\/01\/IMG_4046.jpeg 600w\" sizes=\"(max-width: 300px) 100vw, 300px\" \/><p id=\"caption-attachment-1732\" class=\"wp-caption-text\"><strong style=\"font-size: inherit;\"><em>&#8221;Diva&#8221; (Divine Vom Ochtendunger Land)<\/em><\/strong><span style=\"font-size: inherit;\"> saapui kenneliimme 4.3.2023 Saksasta, Vom Ochtendunger Land-kennelist\u00e4.<\/span><\/p><\/div>\n<div id=\"attachment_1736\" style=\"width: 235px\" class=\"wp-caption alignright\"><img aria-describedby=\"caption-attachment-1736\" loading=\"lazy\" class=\"size-medium wp-image-1736\" src=\"https:\/\/www.crionna.fi\/kennel\/wp-content\/uploads\/2026\/01\/IMG_5036-e1768137345469-225x300.jpeg\" alt=\"\" width=\"225\" height=\"300\" srcset=\"https:\/\/www.crionna.fi\/kennel\/wp-content\/uploads\/2026\/01\/IMG_5036-e1768137345469-225x300.jpeg 225w, https:\/\/www.crionna.fi\/kennel\/wp-content\/uploads\/2026\/01\/IMG_5036-e1768137345469.jpeg 450w\" sizes=\"(max-width: 225px) 100vw, 225px\" \/><p id=\"caption-attachment-1736\" class=\"wp-caption-text\">Ensikohtaaminen Divan kanssa 4.3.2023<\/p><\/div>\n<div><\/div>\n<div style=\"text-align: left;\">Luonteeltaan Diva on terhakas kerrynarttu, keskikoikoinen (15 kg), eritt\u00e4in kiltti ja leikkis\u00e4. Diva on kasvanut 10-pennun laumassa kasvattajan luona ja on hyvin sosiaalinen ja innokas tapaamaan uusia koirakavereita.<\/div>\n<div><\/div>\n<div>\n<div id=\"attachment_1734\" style=\"width: 235px\" class=\"wp-caption alignright\"><img aria-describedby=\"caption-attachment-1734\" loading=\"lazy\" class=\"size-medium wp-image-1734\" src=\"https:\/\/www.crionna.fi\/kennel\/wp-content\/uploads\/2026\/01\/IMG_3666-e1768137996899-225x300.jpeg\" alt=\"\" width=\"225\" height=\"300\" srcset=\"https:\/\/www.crionna.fi\/kennel\/wp-content\/uploads\/2026\/01\/IMG_3666-e1768137996899-225x300.jpeg 225w, https:\/\/www.crionna.fi\/kennel\/wp-content\/uploads\/2026\/01\/IMG_3666-e1768137996899.jpeg 450w\" sizes=\"(max-width: 225px) 100vw, 225px\" \/><p id=\"caption-attachment-1734\" class=\"wp-caption-text\">Diva vauhdissa\u2026<\/p><\/div>\n<p>Diva on nopeasti innostuva, varsinainen tarmonpes\u00e4 ja mielell\u00e4\u00e4n my\u00f6s j\u00e4ljest\u00e4\u00e4 asuinalueellamme pupujen ja kauriiden j\u00e4lki\u00e4, joita Espoon keskuspuiston alueella riitt\u00e4\u00e4.<\/p>\n<div id=\"attachment_1737\" style=\"width: 235px\" class=\"wp-caption alignleft\"><img aria-describedby=\"caption-attachment-1737\" loading=\"lazy\" class=\"size-medium wp-image-1737\" src=\"https:\/\/www.crionna.fi\/kennel\/wp-content\/uploads\/2026\/01\/IMG_7296-e1768138013536-225x300.jpeg\" alt=\"\" width=\"225\" height=\"300\" srcset=\"https:\/\/www.crionna.fi\/kennel\/wp-content\/uploads\/2026\/01\/IMG_7296-e1768138013536-225x300.jpeg 225w, https:\/\/www.crionna.fi\/kennel\/wp-content\/uploads\/2026\/01\/IMG_7296-e1768138013536.jpeg 450w\" sizes=\"(max-width: 225px) 100vw, 225px\" \/><p id=\"caption-attachment-1737\" class=\"wp-caption-text\">Diva ja Rufus lenkill\u00e4 mets\u00e4ss\u00e4 10.1.2026<\/p><\/div>\n<\/div>\n<div><\/div>\n<div>Diva on terve kerryjen perinn\u00f6llisten tautien suhteen: DNA-geenitestien tuloksissa DM (Degeneratiivinen myelopatia), CMSD (Canine Multiple System Degeneration) sek\u00e4 vWD (von Willebrand verenvuototauti) ja FactorIX suhteen Diva ei kanna eik\u00e4 periyt\u00e4 kyseisi\u00e4 sairausgeenej\u00e4 (tulokset kaikissa N\/N).<\/div>\n<div>Divalla on terveet silm\u00e4t, terveet lonkat (HD A\/A), terveet kyyn\u00e4rp\u00e4\u00e4t (ED 0\/0) sek\u00e4 terve selk\u00e4 nikamien ep\u00e4muotoisuuden (VA0) ja v\u00e4limuotoisen lanne-ristiluu nikamien (LTV0) suhteen.<\/div>\n<div>\n<div id=\"attachment_1738\" style=\"width: 310px\" class=\"wp-caption alignright\"><img aria-describedby=\"caption-attachment-1738\" loading=\"lazy\" class=\"size-medium wp-image-1738\" src=\"https:\/\/www.crionna.fi\/kennel\/wp-content\/uploads\/2026\/01\/IMG_7011-300x200.jpeg\" alt=\"\" width=\"300\" height=\"200\" srcset=\"https:\/\/www.crionna.fi\/kennel\/wp-content\/uploads\/2026\/01\/IMG_7011-300x200.jpeg 300w, https:\/\/www.crionna.fi\/kennel\/wp-content\/uploads\/2026\/01\/IMG_7011.jpeg 600w\" sizes=\"(max-width: 300px) 100vw, 300px\" \/><p id=\"caption-attachment-1738\" class=\"wp-caption-text\">Diva luonnetestiss\u00e4 12.10.2025<\/p><\/div>\n<\/div>\n<div>Diva on luonnetestattu syksyll\u00e4 2025 ja testauksen tuloksena se on luonteeltaan rohkea, leikkis\u00e4 ja tyypillisen kerrynomainen.<\/div>\n<div><span style=\"font-size: inherit;\"><br \/>\nOheisesta linkist\u00e4 n\u00e4et lis\u00e4tietoa Divasta Suomen Kennelliiton jalostustietoj\u00e4rjestelm\u00e4ss\u00e4:<\/span><\/div>\n<div><\/div>\n<div><b>https:\/\/jalostus.kennelliitto.fi\/frmKoira.aspx?RekNo=FI21028\/23&amp;R=3<\/b><\/div>\n<div><\/div>\n<div>\n<div id=\"attachment_1743\" style=\"width: 210px\" class=\"wp-caption alignright\"><img aria-describedby=\"caption-attachment-1743\" loading=\"lazy\" class=\"size-medium wp-image-1743\" src=\"https:\/\/www.crionna.fi\/kennel\/wp-content\/uploads\/2026\/01\/IMG_4602-200x300.jpeg\" alt=\"\" width=\"200\" height=\"300\" srcset=\"https:\/\/www.crionna.fi\/kennel\/wp-content\/uploads\/2026\/01\/IMG_4602-200x300.jpeg 200w, https:\/\/www.crionna.fi\/kennel\/wp-content\/uploads\/2026\/01\/IMG_4602.jpeg 400w\" sizes=\"(max-width: 200px) 100vw, 200px\" \/><p id=\"caption-attachment-1743\" class=\"wp-caption-text\">Diva in motion 29.3.2025<\/p><\/div>\n<div id=\"attachment_1741\" style=\"width: 310px\" class=\"wp-caption alignnone\"><img aria-describedby=\"caption-attachment-1741\" loading=\"lazy\" class=\"size-medium wp-image-1741\" src=\"https:\/\/www.crionna.fi\/kennel\/wp-content\/uploads\/2026\/01\/att.Z6TewdGGbbrc0nltik9xjroo-tvzigYYmIQA_kuVxE0-300x225.jpeg\" alt=\"\" width=\"300\" height=\"225\" srcset=\"https:\/\/www.crionna.fi\/kennel\/wp-content\/uploads\/2026\/01\/att.Z6TewdGGbbrc0nltik9xjroo-tvzigYYmIQA_kuVxE0-300x225.jpeg 300w, https:\/\/www.crionna.fi\/kennel\/wp-content\/uploads\/2026\/01\/att.Z6TewdGGbbrc0nltik9xjroo-tvzigYYmIQA_kuVxE0.jpeg 600w\" sizes=\"(max-width: 300px) 100vw, 300px\" \/><p id=\"caption-attachment-1741\" class=\"wp-caption-text\">Diva sai Suomen Muotovalion (FI MVA)arvon 17.5.2025, Helsinki Royal Canin show\u2019ssa ja kansainv\u00e4lisen muotovalion arvon (C.I.B.) 9.1.2026.<\/p><\/div>\n<\/div>\n<div><\/div>\n<div>Diva on useissa kansainv\u00e4lisiss\u00e4 n\u00e4yttelyiss\u00e4 \u00a0menestynyt ulkomuodollaan ja avoimella, iloisella luonteellaan. Divalla on erinomainen turkin laatu ja p\u00e4\u00e4, purenta ja hampaat sek\u00e4 sill\u00e4 on liikkuessa kerrym\u00e4inen, maata peitt\u00e4v\u00e4, vet\u00e4v\u00e4 askel.<br \/>\nDiva on saavuttanut kansainv\u00e4lisen muotovalion arvon 2-vuotiaana syyskuussa 2025 (C.I.B., Champion International de Beaut\u00e9) ja on useiden maiden ulkomuotovalio ja juniorimuotovalio.<\/div>\n<div>N\u00e4yttelysaavutuksia on Divalla useita mm.Helsinki Juniorivoittaja-2023 sek\u00e4 Juniori Voittaja 2023-tittelit ja FI MVA (Suomen muotovalio) 2025, EECh(Viron muotovalio) 2025, LTCh (Liettuan muotovalio) 2025 ja LVJCh (Latvian Juniorimuotovalio) 2024.<br \/>\nDiva saavutti my\u00f6s nuorella i\u00e4ll\u00e4\u00e4n kansainv\u00e4lisen juniorimuotovalion tittelin ja viimeisen\u00e4 saimme kansainv\u00e4lisen muotovalion tittelin vahvistuksen Belgiasta (FCI) tammikuussa 2026.<\/div>\n<div>\n<div id=\"attachment_1739\" style=\"width: 284px\" class=\"wp-caption alignnone\"><img aria-describedby=\"caption-attachment-1739\" loading=\"lazy\" class=\"size-medium wp-image-1739\" src=\"https:\/\/www.crionna.fi\/kennel\/wp-content\/uploads\/2026\/01\/IMG_6743-274x300.jpeg\" alt=\"\" width=\"274\" height=\"300\" srcset=\"https:\/\/www.crionna.fi\/kennel\/wp-content\/uploads\/2026\/01\/IMG_6743-274x300.jpeg 274w, https:\/\/www.crionna.fi\/kennel\/wp-content\/uploads\/2026\/01\/IMG_6743.jpeg 547w\" sizes=\"(max-width: 274px) 100vw, 274px\" \/><p id=\"caption-attachment-1739\" class=\"wp-caption-text\">Diva, Palanga, Liettua 19.9.2025<\/p><\/div>\n<div id=\"attachment_1742\" style=\"width: 310px\" class=\"wp-caption alignright\"><img aria-describedby=\"caption-attachment-1742\" loading=\"lazy\" class=\"size-medium wp-image-1742\" src=\"https:\/\/www.crionna.fi\/kennel\/wp-content\/uploads\/2026\/01\/IMG_4601-300x200.jpeg\" alt=\"\" width=\"300\" height=\"200\" srcset=\"https:\/\/www.crionna.fi\/kennel\/wp-content\/uploads\/2026\/01\/IMG_4601-300x200.jpeg 300w, https:\/\/www.crionna.fi\/kennel\/wp-content\/uploads\/2026\/01\/IMG_4601.jpeg 600w\" sizes=\"(max-width: 300px) 100vw, 300px\" \/><p id=\"caption-attachment-1742\" class=\"wp-caption-text\">Diva Lahti 29.3.2025<\/p><\/div>\n<p><img loading=\"lazy\" class=\"alignnone size-medium wp-image-1744\" src=\"https:\/\/www.crionna.fi\/kennel\/wp-content\/uploads\/2026\/01\/IMG_4597-300x200.jpeg\" alt=\"\" width=\"300\" height=\"200\" srcset=\"https:\/\/www.crionna.fi\/kennel\/wp-content\/uploads\/2026\/01\/IMG_4597-300x200.jpeg 300w, https:\/\/www.crionna.fi\/kennel\/wp-content\/uploads\/2026\/01\/IMG_4597.jpeg 600w\" sizes=\"(max-width: 300px) 100vw, 300px\" \/><\/p>\n<\/div>\n<p><strong style=\"font-size: inherit;\"><strong>Suunnitellun pentueen is\u00e4 on C.I.B. Rollick\u2019s Love Is Blue eli \u2019Rufus\u2019.<\/strong><\/strong><\/p>\n<div id=\"attachment_1745\" style=\"width: 310px\" class=\"wp-caption alignnone\"><img aria-describedby=\"caption-attachment-1745\" loading=\"lazy\" class=\"size-medium wp-image-1745\" src=\"https:\/\/www.crionna.fi\/kennel\/wp-content\/uploads\/2026\/01\/IMG_0937-300x248.jpeg\" alt=\"\" width=\"300\" height=\"248\" srcset=\"https:\/\/www.crionna.fi\/kennel\/wp-content\/uploads\/2026\/01\/IMG_0937-300x248.jpeg 300w, https:\/\/www.crionna.fi\/kennel\/wp-content\/uploads\/2026\/01\/IMG_0937.jpeg 600w\" sizes=\"(max-width: 300px) 100vw, 300px\" \/><p id=\"caption-attachment-1745\" class=\"wp-caption-text\">Rufus lempipuuhassaan, pihavahtina<\/p><\/div>\n<div id=\"attachment_1747\" style=\"width: 310px\" class=\"wp-caption alignleft\"><img aria-describedby=\"caption-attachment-1747\" loading=\"lazy\" class=\"size-medium wp-image-1747\" src=\"https:\/\/www.crionna.fi\/kennel\/wp-content\/uploads\/2026\/01\/IMG_7255-300x225.jpeg\" alt=\"\" width=\"300\" height=\"225\" srcset=\"https:\/\/www.crionna.fi\/kennel\/wp-content\/uploads\/2026\/01\/IMG_7255-300x225.jpeg 300w, https:\/\/www.crionna.fi\/kennel\/wp-content\/uploads\/2026\/01\/IMG_7255.jpeg 600w\" sizes=\"(max-width: 300px) 100vw, 300px\" \/><p id=\"caption-attachment-1747\" class=\"wp-caption-text\">Rufus 4.1.2026<\/p><\/div>\n<div id=\"attachment_1735\" style=\"width: 242px\" class=\"wp-caption alignright\"><img aria-describedby=\"caption-attachment-1735\" loading=\"lazy\" class=\"size-medium wp-image-1735\" src=\"https:\/\/www.crionna.fi\/kennel\/wp-content\/uploads\/2026\/01\/3a88803f-a069-4cd1-80c1-756cfb1c0451-232x300.jpeg\" alt=\"\" width=\"232\" height=\"300\" srcset=\"https:\/\/www.crionna.fi\/kennel\/wp-content\/uploads\/2026\/01\/3a88803f-a069-4cd1-80c1-756cfb1c0451-232x300.jpeg 232w, https:\/\/www.crionna.fi\/kennel\/wp-content\/uploads\/2026\/01\/3a88803f-a069-4cd1-80c1-756cfb1c0451.jpeg 463w\" sizes=\"(max-width: 232px) 100vw, 232px\" \/><p id=\"caption-attachment-1735\" class=\"wp-caption-text\">Rufus in motion, 9\/2024<\/p><\/div>\n<p><strong><em>&#8221;Rufus&#8221; (Rollick\u2019s Love Is Blue) <\/em><\/strong><span style=\"font-size: inherit;\">on syntynyt 7.4.2019, Ruotsissa. T\u00e4m\u00e4 6-vuotias upealuonteinen, kiltti ja sosiaalinen kerrypoika pit\u00e4\u00e4 pihalla loikoilusta ja on luontainen pihavahti, jolta ei naapurustossa liikkuvat j\u00e4\u00e4 huomaamatta. Rufus alias R\u00f6lli tai Ruhveli muutti meille 10 viikkoisena juhannuksena 2019 Ruotsista, Charlotta Mellinin Kennel Rollick\u2019sista.\u00a0<\/span><\/p>\n<div id=\"attachment_1599\" style=\"width: 310px\" class=\"wp-caption alignnone\"><img aria-describedby=\"caption-attachment-1599\" loading=\"lazy\" class=\"size-medium wp-image-1599\" src=\"https:\/\/www.crionna.fi\/kennel\/wp-content\/uploads\/2022\/10\/86768C59-9D91-4AB8-903F-A5C97BC87B38-300x200.jpeg\" alt=\"\" width=\"300\" height=\"200\" srcset=\"https:\/\/www.crionna.fi\/kennel\/wp-content\/uploads\/2022\/10\/86768C59-9D91-4AB8-903F-A5C97BC87B38-300x200.jpeg 300w, https:\/\/www.crionna.fi\/kennel\/wp-content\/uploads\/2022\/10\/86768C59-9D91-4AB8-903F-A5C97BC87B38.jpeg 600w\" sizes=\"(max-width: 300px) 100vw, 300px\" \/><p id=\"caption-attachment-1599\" class=\"wp-caption-text\">Rufus 22.10.2022<\/p><\/div>\n<div id=\"attachment_1729\" style=\"width: 282px\" class=\"wp-caption alignright\"><img aria-describedby=\"caption-attachment-1729\" loading=\"lazy\" class=\"size-medium wp-image-1729\" src=\"https:\/\/www.crionna.fi\/kennel\/wp-content\/uploads\/2026\/01\/IMG_6477-272x300.jpeg\" alt=\"Rufus liikkeess\u00e4 28.8.2021\" width=\"272\" height=\"300\" srcset=\"https:\/\/www.crionna.fi\/kennel\/wp-content\/uploads\/2026\/01\/IMG_6477-272x300.jpeg 272w, https:\/\/www.crionna.fi\/kennel\/wp-content\/uploads\/2026\/01\/IMG_6477.jpeg 285w\" sizes=\"(max-width: 272px) 100vw, 272px\" \/><p id=\"caption-attachment-1729\" class=\"wp-caption-text\">Rufus in motion 28.8.2021<\/p><\/div>\n<\/div>\n<div>Rufus painaa 19,7 kg, on varsin kookas ja voimakasrakenteinen kerrypoika, jolla on erinomainen laineikas ja silkkinen turkki. Kerryjen perinn\u00f6llisten geenitestien, silmien sek\u00e4 lonkkien ja kyyn\u00e4rp\u00e4iden suhteen Rufus on testattu ja terve.<br \/>\nRufuksella on terveet lonkat (HDB\/B) sek\u00e4 terveet kyyn\u00e4rp\u00e4\u00e4t (ED 0\/0) ja silm\u00e4t. My\u00f6s DNA-testeiss\u00e4 on Rufus tutkittu DM, CMSD sek\u00e4 vWD-tautien osalta ja niiden suhteen on t\u00e4ysin terve (tulokset kaikissa N\/N).<\/div>\n<div>MH-luonnetestiss\u00e4 Rufus todettiin eritt\u00e4in rauhalliseksi kerrypojaksi kaikissa testiosioissa ja osoittautui my\u00f6s laukaisuvarmaksi.<br \/>\nRufus saavutti kansainv\u00e4lisen ulkomuodon \u00a0muotovalion (C.I.B)-arvon 9.8.2024 viimeisess\u00e4 n\u00e4yttelyss\u00e4\u00e4n Tallinnassa ja on Suomen, Latvian ja Viron muotovalio.<\/div>\n<div>\n<div id=\"attachment_1750\" style=\"width: 310px\" class=\"wp-caption alignnone\"><img aria-describedby=\"caption-attachment-1750\" loading=\"lazy\" class=\"wp-image-1750 size-medium\" src=\"https:\/\/www.crionna.fi\/kennel\/wp-content\/uploads\/2026\/01\/IMG_1648-300x214.jpeg\" alt=\"Rufus 5\/ 2024\" width=\"300\" height=\"214\" srcset=\"https:\/\/www.crionna.fi\/kennel\/wp-content\/uploads\/2026\/01\/IMG_1648-300x214.jpeg 300w, https:\/\/www.crionna.fi\/kennel\/wp-content\/uploads\/2026\/01\/IMG_1648.jpeg 600w\" sizes=\"(max-width: 300px) 100vw, 300px\" \/><p id=\"caption-attachment-1750\" class=\"wp-caption-text\">Rufus C.I.B.(Champion International de Beaut\u00e9,) Tallinn in May 2024<\/p><\/div>\n<\/div>\n<div>Oheisesta linkist\u00e4 n\u00e4et lis\u00e4tietoa Rufuksesta Suomen Kennelliiton jalostustietoj\u00e4rjestelm\u00e4ss\u00e4:<\/div>\n<div><\/div>\n<div><b>https:\/\/jalostus.kennelliitto.fi\/frmKoira.aspx?RekNo=FI38695%2F19&amp;R=3<\/b><\/div>\n<div><\/div>\n<div>\n<div>\n<div id=\"attachment_1746\" style=\"width: 310px\" class=\"wp-caption alignright\"><img aria-describedby=\"caption-attachment-1746\" loading=\"lazy\" class=\"size-medium wp-image-1746\" src=\"https:\/\/www.crionna.fi\/kennel\/wp-content\/uploads\/2026\/01\/IMG_0926-300x210.jpeg\" alt=\"\" width=\"300\" height=\"210\" srcset=\"https:\/\/www.crionna.fi\/kennel\/wp-content\/uploads\/2026\/01\/IMG_0926-300x210.jpeg 300w, https:\/\/www.crionna.fi\/kennel\/wp-content\/uploads\/2026\/01\/IMG_0926.jpeg 600w\" sizes=\"(max-width: 300px) 100vw, 300px\" \/><p id=\"caption-attachment-1746\" class=\"wp-caption-text\">Rufus ja Diva lempileikeiss\u00e4\u00e4n pihalla kev\u00e4\u00e4ll\u00e4 2025<\/p><\/div>\n<\/div>\n<div>\n<div>\n<div id=\"attachment_1733\" style=\"width: 235px\" class=\"wp-caption alignleft\"><img aria-describedby=\"caption-attachment-1733\" loading=\"lazy\" class=\"wp-image-1733 size-medium\" src=\"https:\/\/www.crionna.fi\/kennel\/wp-content\/uploads\/2026\/01\/IMG_4030-e1768137403224-225x300.jpeg\" alt=\"\" width=\"225\" height=\"300\" srcset=\"https:\/\/www.crionna.fi\/kennel\/wp-content\/uploads\/2026\/01\/IMG_4030-e1768137403224-225x300.jpeg 225w, https:\/\/www.crionna.fi\/kennel\/wp-content\/uploads\/2026\/01\/IMG_4030-e1768137403224.jpeg 450w\" sizes=\"(max-width: 225px) 100vw, 225px\" \/><p id=\"caption-attachment-1733\" class=\"wp-caption-text\">Rufus&amp; Diva saunakoirat 2025<\/p><\/div>\n<div id=\"attachment_1757\" style=\"width: 235px\" class=\"wp-caption alignright\"><img aria-describedby=\"caption-attachment-1757\" loading=\"lazy\" class=\"size-medium wp-image-1757\" src=\"https:\/\/www.crionna.fi\/kennel\/wp-content\/uploads\/2026\/01\/IMG_7291-e1768147379548-225x300.jpeg\" alt=\"\" width=\"225\" height=\"300\" srcset=\"https:\/\/www.crionna.fi\/kennel\/wp-content\/uploads\/2026\/01\/IMG_7291-e1768147379548-225x300.jpeg 225w, https:\/\/www.crionna.fi\/kennel\/wp-content\/uploads\/2026\/01\/IMG_7291-e1768147379548.jpeg 450w\" sizes=\"(max-width: 225px) 100vw, 225px\" \/><p id=\"caption-attachment-1757\" class=\"wp-caption-text\">Rufus ja Diva 10.1.2025<\/p><\/div>\n<\/div>\n<\/div>\n<\/div>\n","protected":false},"excerpt":{"rendered":"<p>Pentulaatikkomme on viel\u00e4 tyhj\u00e4n\u00e4, mutta pentue suunnitteilla v.2026. Lis\u00e4tietoja suunnitelmista p.045-6513333 tai s\u00e4hk\u00f6postitse: katarina.marjola(at)gmail.com Suunnitellun pentueen em\u00e4 on C.I.B. Divine Vom Ochtendunger Land eli \u2019Diva\u2019, kennelimme viimeisin tulokas,joka on syntynyt 2.1.2023 Saksassa, Frank B\u00f6hnken kotikenneliss\u00e4. Luonteeltaan Diva on terhakas kerrynarttu, keskikoikoinen (15 kg), eritt\u00e4in kiltti ja leikkis\u00e4. Diva on kasvanut 10-pennun laumassa kasvattajan luona ja [&hellip;]<\/p>\n","protected":false},"author":1,"featured_media":0,"parent":0,"menu_order":0,"comment_status":"open","ping_status":"closed","template":"","meta":[],"_links":{"self":[{"href":"https:\/\/www.crionna.fi\/kennel\/index.php?rest_route=\/wp\/v2\/pages\/250"}],"collection":[{"href":"https:\/\/www.crionna.fi\/kennel\/index.php?rest_route=\/wp\/v2\/pages"}],"about":[{"href":"https:\/\/www.crionna.fi\/kennel\/index.php?rest_route=\/wp\/v2\/types\/page"}],"author":[{"embeddable":true,"href":"https:\/\/www.crionna.fi\/kennel\/index.php?rest_route=\/wp\/v2\/users\/1"}],"replies":[{"embeddable":true,"href":"https:\/\/www.crionna.fi\/kennel\/index.php?rest_route=%2Fwp%2Fv2%2Fcomments&post=250"}],"version-history":[{"count":324,"href":"https:\/\/www.crionna.fi\/kennel\/index.php?rest_route=\/wp\/v2\/pages\/250\/revisions"}],"predecessor-version":[{"id":1847,"href":"https:\/\/www.crionna.fi\/kennel\/index.php?rest_route=\/wp\/v2\/pages\/250\/revisions\/1847"}],"wp:attachment":[{"href":"https:\/\/www.crionna.fi\/kennel\/index.php?rest_route=%2Fwp%2Fv2%2Fmedia&parent=250"}],"curies":[{"name":"wp","href":"https:\/\/api.w.org\/{rel}","templated":true}]}}